 19 - 7 - (23 - 0).
-16
What is the value of -2 + -7 + -1 + (6 - 2) + 12?
6
Evaluate 2 + (-20 - -14) - (-1 + -5).
2
1 + -8 - (105 + -104)
-8
What is the value of -2 + (0 - -1) - (-1 + 4)?
-4
Calculate 3 + (-1 - (0 - (10 - 5))).
7
7 + 6 + -4 - 26 - -5
-12
Calculate 122 + -14 + -31 + -41.
36
Calculate (1 + -3 - -2 - 8) + -9 + 10.
-7
What is -5 - -4 - ((4 - (6 - 14)) + -6)?
-7
Evaluate -2 + -4 + (3 - (-7 - -21)) - -6.
-11
What is (-62 - 22) + 66 + 1 + -2?
-19
-31 - (1 - 20) - -18
6
Evaluate -11 + (-12 - -1 - -13).
-9
-20 + (37 - -20) + -31
6
What is -23 + (5 - 1 - -6)?
-13
(-2 - 13) + 11 - -12
8
6 + (-8 - -12) + -8
2
87 + -106 + (-1 - 4 - (-16 + 18))
-26
What is the value of (-34 + (-9 - -42) - (0 + 8)) + -2?
-11
Evaluate (-47 - -60) + 4 + (3 - 4) + -5.
11
Evaluate (-3 + -4 + 10 - 6 - -7) + 7.
11
Calculate -3 + (10 - -5 - -5).
17
What is 0 + 17 - (4 - (9 - 8))?
14
Evaluate -15 + -14 + 27 - 13.
-15
Evaluate (-1 - (0 + 7)) + 25 + -2.
15
Calculate 1 + 5 + -11 + -5 + (-6 - -12).
-4
Calculate -26 + 58 + -23 - (1 + 0 + 24).
-16
What is -1 - 26 - (-507 - -490)?
-10
Calculate -1 + 10 + (1 - -2) + 0.
12
Evaluate -4 + 4 + 5 + (3 - 13).
-5
What is 34 + -52 + 18 - (0 + -2)?
2
Evaluate (0 - 5) + -25 + 16 + -8 - -5.
-17
What is 0 - 3 - (11 + 1) - (-6 - -2)?
-11
Calculate 0 - 6 - (-45 + 20 - -21).
-2
Calculate -11 + (1 + 8 - -11).
9
What is the value of -11 - 0 - (-4 + -9)?
2
2 - (-8 + -2 + 5 - -2)
5
Evaluate -11 + -15 + (-1 - -16).
-11
-4 - (10 + 0 + 6)
-20
What is 1 + -15 - (589 - 625)?
22
3 + 0 + -11 + (12 - -6)
10
Calculate (380 - 365) + (-8 - 1) + 1 - 17.
-10
Calculate 7 + (5 - 13) + (11 - (7 + -4)).
7
Evaluate (-20 + 9 - 7) + 10.
-8
Calculate 14 - (26 - (26 - -3)).
17
What is 11 - (36 + -18) - -13?
6
-1 + 0 + -1 + (28 - 29) - 8
-11
6 - (1 - (27 - 23)) - (0 - -1)
8
What is 24 - ((50 - 13) + 19)?
-32
What is the value of 68 - 63 - (-1 + 2)?
4
Calculate (-25 - ((-2 - -5) + -6)) + (-278 - -284).
-16
What is the value of 6 + (-1 - 7 - -1)?
-1
Calculate 11 - (29 + 29 + -25).
-22
623 - 636 - (-4 - (-3 + 1))
-11
Evaluate -1 - -7 - (1 + 0) - (-610 - -627).
-12
Calculate (10 - (2 + 2)) + (-55 - -59).
10
Evaluate (-7 - -10) + -49 + 21.
-25
What is 26 + (29 - 53) - (-1 - -9)?
-6
(-1 - -32) + -3 - 13
15
What is the value of (10 - 1) + (5 - 1 - (-15 + 22))?
6
Evaluate 57 + -54 - (1 + -1 + -4).
7
What is the value of 12 + (-1 + 0 - (4 + 6))?
1
What is (2 - 2 - -5 - -3) + -8?
0
What is the value of (14 - (13 + -3)) + (-5 - -4) + 3?
6
What is (-13 + 1 - 1) + 16 + (-15 - -7)?
-5
Calculate -19 + 8 - (-3 + 6 + -23).
9
-22 - -5 - (-86 + 40)
29
Calculate 12 - (-5 + 6) - (6 - -23).
-18
What is the value of 599 - 584 - (2 + -14)?
27
What is -172 + 150 + -2 + 13?
-11
What is the value of 60 - 52 - ((-1 - 5) + 2 - -38)?
-26
Calculate 10 - 3 - (-14 - (2 - 14 - -5)).
14
Calculate (-15 - -4 - 3) + 15.
1
Calculate (0 - -2) + -9 + (0 - (0 + -6)).
-1
What is the value of -6 - -2 - (-8 - (8 - (2 - -12)))?
-2
Evaluate 14 + (-58 - -16) + 12 + 4.
-12
What is the value of 11 - (-8 + (-1 - -23)) - (-3 - 7)?
7
Evaluate 7 - (4 - ((-1 - -9) + (19 - 24))).
6
What is (9 - (-2 + (-4 - -3) + 7)) + -2?
3
-4 - (-3 + -9 + 12) - (0 + -1)
-3
Calculate 2 - -4 - (274 + -256).
-12
-7 - 31 - (-12 + -11)
-15
What is the value of (-6 - 10 - (3 - -1)) + (-35 - -36)?
-19
Evaluate -38 + 27 - (3 - 19) - 1.
4
Calculate -25 - -28 - (-2 + 20 - (-16 - -17)).
-14
Calculate 17 + -13 + 0 - (2 + 2 + -6).
6
What is the value of 12 - (17 + -6) - 25?
-24
Calculate -2 + -79 + 73 + -2 + 3.
-7
What is 3 - 5 - (-2 + 1) - -14?
13
Calculate -19 - (1 + (-39 - -22)) - (-1 - -5).
-7
Evaluate -3 - (-10 + 2) - (-2 + 2).
5
What is the value of (7 - (9 + 1)) + 4 + -12?
-11
What is 12 - (-57 - -32 - -11)?
26
Evaluate 178 + -191 + (3 - 2) + 29.
17
Evaluate -7 + 2 + (-6 + 0 - 0).
-11
27 + -14 + 4 + -21
-4
Evaluate -3 + -6 + -12 + (6 - 5).
-20
Evaluate (-1 + 5 + -11 - -13) + -4.
2
What is 113 + -82 + 0 + -8?
23
-1 - (-14 + 5 + 1 + -33 + 10)
30
(4 - (12 + -10)) + -1 + 8
9
What is the value of -43 - -16 - (-11 - (-10 + -5))?
-31
Calculate 12 + 0 - (34 - -21 - 50).
7
Evaluate -12 - 9 - -27 - 8.
-2
Calculate (14 - 36 - 8) + 56.
26
(3 - (9 - 4)) + 20 + -30
-12
What is the value of 94 + -56 + -38 + -18?
-18
8 + (7 - (2 - (-30 + 6))) - -24
13
Calculate -11 - 5 - -40 - 13.
11
Evaluate -313 + 312 + -6 + 1.
-6
What is the value of 6 + -23 + (8 - (2 + (18 - 8)))?
-21
Evaluate 0 + 14 + -5 + 27 + -15 + 0.
21
What is (-1 - 0) + 1 + (-2607 - -2621)?
14
Evaluate -10 + (1 - 1) - (-2 + 15 - 10).
-13
What is 19 - 11 - 11 - 4?
-7
Calculate 801 - 803 - (2 - 42).
38
73 - 78 - (-2 - -5 - 2) - -3
-3
What is -13 + (6 - 10) + 23?
6
What is 100 - 114 - (-11 - 1)?
-2
Evaluate 27 - (-2 + 6 - (5 - 11) - 16).
33
Evaluate 21 + (26 + -20 - 20).
7
What is (-3 - -19) + -5 + (-22 - -18)?
7
Evaluate 5 - -5 - 14 - (1 - -3).
-8
Evaluate (-29 - -19) + 17 + -10.
-3
Evaluate 1 + (1 - 16 - -9) - -1.
-4
Evaluate (8 - (-1 + -5 + 20)) + 1 + 6.
1
Evaluate (-14 + 6 - -9) + -9 + 1.
-7
What is the value of 3 - (-10 + 14 + -10 + (-1 - -20))?
-10
9 + (11 - (-7 + 9)) - -5
23
Calculate (16 - 0) + 49 + -60.
5
What is the value of 0 - (2 + 2 + -7 - -2)?
1
Evaluate (-11 - (-103 + 26)) + -38.
28
Calculate -16 + 30 + -14 - (2 - (-2 - 1)).
-5
What is the value of -18 + (32 - 10) + 9?
13
Calculate (8 - (-7 + 0)) + -10.
5
Calculate -2 + 0 - (-1 - (-2 - (0 - -3))).
-6
What is the value of (-1 + 2 - (-85 - -78)) + -6?
2
Evaluate -148 + 161 + 4 + 0 + 0.
17
4 + -14 - (-8 + (4 - 4))
-2
What is -19 - -3 - (-53 + 35)?
2
What is 981 + -980 - (-25 + 0)?
26
What is the value of 4 - 0 - 13 - 16?
-25
What is the value of (-7 - (-6 + -1)) + (21 - 21)?
0
30 + (-10 - (-14 + 19))
15
Calculate -1 + -5 + -115 + 119.
-2
What is the value of (-11 - 4 - -2) + 5 + 3 + 2?
-3
-7 + (17 - (-7 + (2 - -12)))
3
Calculate 4 + -2 + (-8 - -22 - 25) - -24.
15
-2 - (-25 - -3) - (23 + -15)
12
Calculate (5 - 2) + -1 + (-8 + 7 - -12).
13
What is the value of 3 + (-5 - (-2 - 5)) + -4 + -2?
-1
Calculate -2 - (-8 + 14 + -14).
6
-4 - ((-2 - -9) + -1 - -7)
-17
What is -1 - 6 - (-6 - ((2 - -2) + -4))?
-1
What is the value of -1 - (-12 - (-12 + -3)) - (-9 - 0)?
5
Evaluate 39 + (45 - 32 - 25).
27
(265 - 284) + 29 + -1
9
2 + -32 + 4 + (-4 - -9)
-21
Calculate 1 + -7 - (-7 + 0) - 8.
-7
What is -23 + -1 + 7 - -30?
13
What is the value of -5 - (2 - (-5 - -6)) - -11?
5
What is the value of (12 - (13 - 9)) + -24 - -33?
17
-146 + 145 + 0 + -1
-2
Evaluate -14 - (2 + (3 - 7) + (-110 - -110)).
-12
-6 - -6 - 5 - (6 + -13 + 15)
-13
What is 44 + -14 - 61 - -13?
-18
What is 8 + -5 + -10 + -13?
-20
What is (-7 - 1) + (35 - 38)?
-11
-10 + -10 + 14 - ((-35 - -8) + -6)
27
Evaluate (131 - 95) + (0 - -1 - 13).
24
Evaluate 11 + 0 + (-18 - 40) + 58.
11
Evaluate 9 + -3 + 0 + -5 - 7.
-6
What is the value of (-2 - -2) + 8 - (4 + -1)?
5
Evaluate (-6 - -9 - -4) + -3 + -22 + 4.
-14
What is -5 - 0 - (-1 - (4 - (-3 + 2)))?
1
Evaluate -13 - 2 - ((10 - (5 - -2)) + -9).
-9
Calculate (0 - -2 - (-515 + 525)) + -2 + 24.
14
What is -32 + (25 - 16) + (8 - 1)?
-16
Evaluate (12 - -5 - 25) + 7 + (-2 - 1).
-4
What is (35 - 22 - 0) + -51?
-38
-4 + (7 - (8 + (-9 - (-7 - -2))))
-1
23 + (30 - (-10 + 44))
19
Calculate -8 + (1 - 3) - -3.
-7
What is -17 + (-5 - -1 - -2 - (-45 - -42))?
-16
(50 + (-5 - 33) - (0 - -11)) + -26
-25
What is the value of -5 + 3 + (2 - -5 - 3) + -6?
-4
What is the value of -22 + 11 + -4 - 3 - -9?
-9
Calculate (5 - (14 + -12) - -11) + -40.
-26
What is -46 - (-43 + -11 - -26)?
-18
Evaluate (27 - 43) + 1 + 15.
0
What is the value of (-4 - -1 - (-13 - -16) - 2) + 2?
-6
Evaluate -6 - (26 + -38 + 24).
-18
Calculate -3 + 0 + -1 - (6 - 3).
-7
(-167 - -170) + 0 + -15
-12
What is -6 + (7 - -4) - 3 - (4 + -10)?
8
What is the value of 4 - (-14 + 6) - 0 - 5?
7
Calculate 4 + ((-4 - 5) + 1 - -1) + -19.
-22
Calculate 18 - (36 - (-34 - -29)).
-23
Evaluate (13 - 29) + 12 + -6.
-10
Calculate 2 + (-14 - (7 + (-16 - -7)) - -5).
-5
Evaluate (2 - 16) + 24 + -10 + -2.
-2
What is the value of -2 - (1 + (3 + -8 - -15))?
-13
Evaluate -4 + 7 + 5 + (-12 - -1) + 4.
1
What is the value of (-79 - -39) + 49 - (-9 - -1 - 0)?
17
What is the value of (-13 - -8) + -10 + 19 - (18 - 0)?
-14
Calculate (0 - 2) + (157 - 162).
-7
24 - 3 - (3 + -7 - -9 - -3)
13
What is (2 + 2 - (-5 + (3 - -4))) + 6?
8
2 + -1